172 = -2*m, 5*m - 8980 = 5*x. Suppose -m - 1291 = -5*s. Let g = -280 + s. Is g a composite number?
False
Suppose -4*n + 38728 = 2*g - 14740, 3*n - 3*g = 40101. Is n composite?
False
Is -2 + -7595*(5 + -6) a prime number?
False
Let k = -2 + 5. Suppose k*c - 735 = -2*c. Suppose c + 1121 = 4*i. Is i a composite number?
False
Let s = 29613 + -16874. Is s composite?
False
Let h be 0 + 2 - (22 + 3). Let y = -45 + h. Let d = 147 + y. Is d composite?
False
Let z(n) be the second derivative of 1/2*n**2 - 104/3*n**3 + 3*n + 0. Is z(-1) prime?
False
Suppose 1460 = 65*j - 3935. Let s be 4/10 - (-4)/(-10). Suppose s = -t + 1042 - j. Is t prime?
False
Let o be ((-1)/3)/(11/(-66)). Is (410 - 1)*2*o/4 a prime number?
True
Let r = 60 + -62. Let i be ((-10)/(-3))/((-2)/6). Is (118/10)/(r/i) a composite number?
False
Let u(r) = r**3 + 6*r**2 + r + 8. Let o be u(-6). Suppose -o*v = -j - 27, -v + 6*j = 5*j - 16. Let y = v - -35. Is y prime?
False
Suppose -3*r - 2 = -5. Let u = r - 5. Is u/24 + (-295)/(-6) composite?
True
Suppose 19*o = -2302 + 15089. Is o a composite number?
False
Suppose -4*a - o + 48 = 0, -a + 1 = -3*o + 6*o. Suppose 9*s - a*s = -1028. Is s prime?
True
Let j(l) = l**2 - 5*l - 8. Let n be j(7). Is 4*(-3)/n - -441 composite?
False
Let g(x) = -106*x + 11. Let a(s) = -53*s + 5. Let l = 20 + -25. Let p(r) = l*a(r) + 2*g(r). Is p(12) prime?
False
Suppose 0 = 5*r - 534 - 566. Suppose -o + 4*k - r = -3*o, 4*o + 4*k - 456 = 0. Let i = 405 - o. Is i composite?
True
Let n = -168 + 256. Is ((-66)/n)/(3/(-3356)) prime?
True
Let g = 1229 - -33. Is g composite?
True
Suppose 8*j + 23*j - 80414 = 0. Is j prime?
False
Let j(g) be the second derivative of 7*g**3/6 - g**2 - 331*g. Suppose 3*d - 17 + 2 = 0. Is j(d) a composite number?
True
Let t = -233797 - -359352. Is t a prime number?
False
Let x(h) = 4*h + 4. Let t be x(3). Let i = -10 + t. Is i*1/((-4)/(-46)) composite?
True
Let f(b) = 3*b - 14. Let x(h) = h - 1. Let k(a) = 2*f(a) - 4*x(a). Let g be k(12). Is 121/5*(5 + g) prime?
False
Let v = -1482 - -3511. Is v a prime number?
True
Suppose -6*z = 3319 - 22627. Is z a composite number?
True
Let x be (3/2)/(2/(-812)). Suppose -5*s + 2*h + 4322 = -0*h, -3*h - 3452 = -4*s. Let t = x + s. Is t prime?
True
Let v(n) = -n**3 - n**2 + 2*n - 3. Let a = 32 - 21. Let g = 7 - a. Is v(g) a prime number?
True
Let y = -5 + 3. Let c be ((-5)/(-10))/(y/(-624)). Suppose c = 2*p - 248. Is p a prime number?
False
Let d be (-2)/(-10) + (-262270)/(-25). Is (-2)/7 + d/91 a composite number?
True
Let o(b) = -203*b + 22. Let i be o(-5). Let c = 2046 - i. Is c a prime number?
True
Let i be 3 - 1/(-1 + 2). Suppose 3*o + r + 0*r = 89, 5*o - i*r = 163. Is o a composite number?
False
Is ((-11)/(77/(-21)))/((-9)/(-72915)) a composite number?
True
Let p(l) = 27*l**2 - 8*l - 104. Is p(-11) composite?
False
Suppose 11*p - 4 = 7*p. Let x be p + 2 - (2 - 161). Suppose x + 122 = 4*i. Is i prime?
True
Suppose 5*y - 68 = -28. Suppose -5*u - y = -u. Let o(q) = -28*q + 2. Is o(u) a prime number?
False
Suppose 4*y - 65106 = -w, 7*w = 3*y + 9*w - 48827. Is y prime?
False
Suppose 7805 = -74*z + 79*z. Is z composite?
True
Let v = 49 - 45. Suppose 506 - 3399 = -5*d + v*h, h + 1740 = 3*d. Is d a composite number?
True
Suppose 18 = 4*g + 6. Suppose -119 = -3*f - 3*c + 511, -g*c - 214 = -f. Suppose -2*t = -t - f. Is t a composite number?
False
Let i(a) = -a - 1032. Let b be i(0). Let p = 1769 + b. Is p a composite number?
True
Suppose -4 = z - 2*z. Suppose 4*x = z + 12. Suppose -415 = -h - x*h. Is h composite?
False
Let b(q) = -6*q - 2. Let g be b(-1). Let m be -1 + 3 - 16/g. Is (4/m - 3)*-37 prime?
False
Let w(y) = 21*y**3 - 2*y**2 - 3*y + 21. Is w(5) composite?
True
Let q(a) = -a - 1. Let h be q(-3). Suppose 0 = t - 2*t - h, 0 = 4*i + 4*t - 2932. Is 4/22 + i/11 composite?
False
Suppose -5*w + 13568 + 21810 = 3*g, -23587 = -2*g - 5*w. Suppose -3*c - 8832 = b - 4*b, -4*b = c - g. Is b a prime number?
False
Suppose 33*w + 83 = 34*w. Let t = 330 - w. Is t prime?
False
Let s(b) = 175*b + 1 + 6 + 6 - 16. Is s(8) a prime number?
False
Is 4/(-30) + 748258/210 a composite number?
True
Suppose 0*p + p - 223581 = -5*t, -5*t + 223597 = -3*p. Is t a composite number?
True
Suppose 2067983 = 99*o - 2797372. Is o composite?
True
Suppose -902 = -2*n + 1820. Is n a composite number?
False
Let f = 13392 + -3158. Suppose -3*c + f = -9818. Is (2/(-4))/((-6)/c) a prime number?
True
Let h = 6 - 0. Let l = h + -8. Is (l + 1)*(-57 - -2) a prime number?
False
Suppose -f + 3*j = -25532, -6*f + 5*j = -4*f - 51061. Is f prime?
True
Let x(j) = j - 4. Let k be x(6). Let b be ((-3 + 4)*6)/k. Suppose -2*c + 5*g = -b*c + 24, 3*c - 123 = 2*g. Is c a prime number?
False
Let p = 2747 - 586. Is p a composite number?
False
Let d = -252 - -52. Suppose 158 = -2*o - 5*y, 0*o - o = -4*y + 105. Let c = o - d. Is c a composite number?
True
Let h(v) = v**2 - 7*v + 22. Let x be h(5). Let m(y) = 2*y**3 - 8*y**2 + 19*y - 29. Is m(x) a prime number?
True
Suppose -26651 = 13*b - 83422. Is b composite?
True
Let u(a) = 881*a - 29. Let g(d) = -222*d + 9. Let b(j) = 223*j - 10. Let x(t) = 2*b(t) + 3*g(t). Let s(c) = -2*u(c) - 9*x(c). Is s(3) prime?
False
Let v be (-2 - -1)/(4/(-20)). Suppose -v*z - 3*y + 3964 = -0*y, -5*y = z - 806. Suppose z = 7*b + 182. Is b composite?
True
Suppose -298 + 5754 = 4*q. Suppose 0 = -3*h + 5*s + 1603, -2*s - q - 251 = -3*h. Is h a composite number?
False
Suppose 24*n = 17*n + 64379. Is n composite?
True
Let d(m) = -58*m - 3. Let j(a) = -174*a - 9. Let f(t) = 17*d(t) - 6*j(t). Is f(4) a composite number?
True
Let o(g) = -13*g**2 - 10*g - 2. Let x(p) = -28*p**2 - 20*p - 5. Let z(d) = -5*o(d) + 2*x(d). Is z(11) composite?
True
Let h(s) = -13*s**3 + 10*s**2 + 6*s - 1. Suppose -6*v + v - 35 = 0. Let a be h(v). Suppose 5*y - 679 = a. Is y a composite number?
False
Let s = -61 + 65. Is s - (-18254 - 4)/6 composite?
True
Suppose -5*p - 556585 = -5*q, -5*p = 3*q - 98467 - 235500. Is q prime?
False
Let d = 38696 - 18375. Is d a prime number?
False
Suppose -q + 12 = q. Let y be (-2042)/q - (-12)/36. Let x = -129 - y. Is x prime?
True
Suppose -6*q = -2*q - 44. Suppose -6*v = -q*v. Suppose v*x = -2*p + 2*x + 828, -2*x = -p + 409. Is p a prime number?
True
Let o(z) = 164*z**3 - 2*z**2 - z + 2. Let f = 16 + -16. Suppose -3*r + 0 = j - 1, 5*r = f. Is o(j) a prime number?
True
Let p(i) = 2*i**2 + 8*i + 15. Let x be (2*3)/((-3)/4). Is p(x) prime?
True
Suppose i - 2*i - 3469 = -2*o, -i = 3*o - 5196. Is o a prime number?
True
Let y = -11 + 11. Suppose -3*w + c + 41 = y, -4*c = -c - 12. Suppose -97 = -2*o - 5*d - 30, -3*d + w = 0. Is o composite?
True
Suppose 0*s - s = 0. Suppose t + 3*t + 780 = s. Let o = t + 344. Is o a prime number?
True
Let j = 262 + -1368. Let h = j + 3847. Is h prime?
True
Suppose 0 = 4*o - 5*o + 5. Suppose -3*a + 365 = -4*i - 8, 5*i + 625 = o*a. Is a a prime number?
True
Let v = -14239 - -27884. Is v prime?
False
Suppose 0 = -v + 5*v - 16. Suppose v*p + p = 760. Suppose 5*k - 345 = -3*h, p = 2*k - 5*h + 14. Is k prime?
False
Suppose 612072 = -74*d + 98*d. Is d composite?
True
Let b = -2302 + 1208. Let q = b - -1933. Is q prime?
True
Let o(j) = -j**3 - 4*j**2 + 8*j - 14. Let s be o(-6). Suppose 33381 = s*u + 9851. Is u prime?
False
Let a be 13*(668 + 0)/4. Suppose 345 + a = 4*p. Is p a prime number?
False
Let y be 1 + -2 - 15/(-5). Let u(m) = -2*m**2 + 10*m - 11 - 15*m + 6*m**y - m**2. Is u(8) composite?
True
Let q(f) = 2*f**3 + f**2 - 1. Let g be q(1). Let r be g/15 - (-84232)/60. Suppose -4*m - o + 1410 = 0, 4*m = -4*o - 0*o + r. Is m prime?
True
Suppose -3*d + 18973 = 4*b, -4*b - d = d - 18970. Is b a prime number?
False
Let y be 6/(-33) + 62*964/88. Let m = -234 + y. Is m prime?
False
Let q be (-5)/(-10) - 5/2. Suppose 0 = 2*h - 5 + 1. Is (-1 - 156)*q/h prime?
True
Let f = -1565 - -2489. Suppose -f = 5*d + 4*t, 0 = 4*d - 8*d + 2*t - 760. Is 45/(-30)*d/6 a prime number?
True
Suppose -6*d = -d - 50. Is (1765/d)/(3/6) composite?
False
Let l(p) = -p**3 - p**2 - 3*p + 19163. Is l(0) a prime number?
True
Let p = -212 + -426. Let r = 905 + p. Is r prime?
False
Suppose 2*z = 7*z - 10. Suppose 7*k - z*k - 405 = 0. Let l = k + -55. Is l a composite number?
True
Is (12/(8 - 20))/((-1)/422) composite?
True
Let c(k) = 990*k - 61. I